uate 0 - (1 + -6 - 0).
5
What is 2 + -2 + -2 + 23 + -17?
4
Evaluate 1 + 3 - (-8 + 9).
3
What is -1 - ((-12 - -5 - -5) + 1)?
0
What is the value of 5 + -8 + 5 + (-3 - -7)?
6
-16 + 23 - (0 - (0 - 3))
4
Calculate 0 + 2 + 7 - 13.
-4
Evaluate 0 + 1 + -15 + 12 + 1.
-1
What is the value of -2 + (3 - (-5 + (10 - 5)))?
1
What is -8 + 6 + -2 - (0 + -3)?
-1
What is the value of 0 - (5 - 4 - (4 + -1))?
2
Calculate 7 - ((8 - 7) + 2).
4
(5 + -3 - 8) + 3
-3
30 + -28 + 4 + -7 + -1
-2
What is the value of 5 - (4 + -8 - -5)?
4
What is -4 - -14 - (2 + (4 - 3))?
7
Calculate -2 + (-4 - (-7 - -2 - -6)).
-7
What is -6 + (-7 - -8) - -7?
2
Evaluate 5 + -12 - (-8 - -1).
0
(2 - (6 - 2)) + 6
4
What is 5 + (-11 - 0 - -5)?
-1
What is the value of -4 - (-10 + (9 - 2))?
-1
What is 0 + (-8 - (1 + 3 - 6))?
-6
Calculate -3 - (3 + (-6 - 5)).
5
Evaluate 7 + (-4 - -4) + -2.
5
What is 7 + 1 + 0 + -3?
5
Evaluate (-3 - 0) + -2 + (-2 - 0).
-7
0 + -6 + 9 + -3
0
What is the value of -5 + (6 - (6 + 2) - -6)?
-1
What is the value of -1 + 1 - (-1 - -6)?
-5
What is the value of 10 + -4 + 9 - 12?
3
What is (-22 + 16 - (0 - -5)) + 7?
-4
Evaluate -5 + 7 - (0 - (2 - -1)).
5
Calculate (-4 - -13 - -1) + -16.
-6
What is -1 - (-5 - -6) - -4?
2
Calculate -1 + (2 - (4 + -5)) + 1.
3
What is the value of (6 + -6 - 5) + 6?
1
What is the value of -2 - 6 - (-3 - (3 - 1))?
-3
What is the value of 5 + (-9 - 2) - -1?
-5
Calculate -12 + 17 - (0 + 3) - -6.
8
(-8 + 13 - (2 - -1)) + -5
-3
(4 + 0 - (-4 - -4)) + 0
4
What is the value of -2 - 2 - (-9 - -10)?
-5
-2 - 1 - (10 - 12 - 0)
-1
Evaluate -3 - -8 - (2 + 3).
0
11 + 13 + -14 + (-5 - 1)
4
Calculate -1 - (1 + (-9 - -4)).
3
Calculate 5 + -4 - 7 - -7.
1
What is 8 - (-7 + (-1 - (-13 - -5)))?
8
Calculate -4 - (-3 + (-12 - -7)).
4
What is the value of 4 - ((4 - 2) + 8)?
-6
-6 - 5 - (-3 + 1 + 1)
-10
Evaluate (-2 - (-3 + 8)) + 6.
-1
(1 - (-7 - -4)) + 0
4
What is the value of -3 + 1 + (-2 - -1) + 1?
-2
Calculate -11 - (-29 - (-23 + 12)).
7
0 + 4 - (-229 + 235)
-2
Evaluate (8 - 11) + 10 + 0.
7
0 + (-1 - (4 + -5)) + -4
-4
What is the value of -1 - (-5 + -7 + 14)?
-3
(5 - (1 + 1 + 6)) + -1
-4
What is 4 - (-2 + 9 + 1)?
-4
Calculate -2 + 1 + 122 + -128.
-7
What is the value of 15 - (5 - 2) - 11?
1
-3 - -4 - (3 - 0 - 2)
0
Evaluate 1 + 18 + -12 + (-1 - 0).
6
Evaluate -1 + (1 - 2) + -5 + 8.
1
What is -5 + -1 - (-15 - -14)?
-5
What is 0 + -3 + (4 - 3) + 3?
1
What is the value of 0 - (5 - (5 + (0 - 5)))?
-5
-6 + 6 + 4 - 4 - 3
-3
What is the value of (-11 - (0 + -17)) + -15?
-9
Calculate (-3 - (1 - 4)) + -2.
-2
What is 5 - (-5 + 4 - (-1 - 0))?
5
(2 + 1 - (2 - -2)) + -1
-2
Evaluate 6 - (-3 - -1) - 3.
5
What is -4 - (7 - -1) - -14?
2
What is (-1 - -5) + 0 + 0?
4
-11 + 1 + -1 + (5 - -2)
-4
What is 1 - (-2 - -3 - -5)?
-5
What is the value of -3 + -1 + 3 - (28 + -28)?
-1
2 + -8 - (-7 + 4 - -2)
-5
What is the value of 1 - 1 - 3 - (-28 - -28)?
-3
Calculate (-3 + 2 + 5 - 8) + 4.
0
Calculate 7 - (-7 - (-39 + 14)).
-11
Calculate (-11 - -10) + (-1 - -8) - 3.
3
Calculate -3 + (1 + -3 - -6).
1
-1 + -6 + (0 - -4)
-3
What is the value of 7 - (0 + 8 - (3 - -1))?
3
Evaluate (2 - (1 - 1)) + 1.
3
What is the value of -1 + 2 + (0 - -2 - 0)?
3
What is the value of 0 + 2 + (-3 - -1) + 2?
2
What is -8 - -15 - (1 + 0 + 2)?
4
-2 + -1 + -2 + 0
-5
-3 + (-10 - (-16 + 8))
-5
Calculate 2 + (-3 - (-1 + -2)) + -1.
1
What is 2 + 1 - (-8 + 9)?
2
What is the value of (1 - (-8 + 4)) + (-22 - -19)?
2
Evaluate (-5 - -1) + -13 + 16 + -4.
-5
(8 - 5 - 6) + 8
5
What is 5 + (5 - 3 - 5) + 2?
4
What is the value of -2 - (-5 - 2) - (22 + -20)?
3
Calculate 2 + -6 + 3 + (8 - 0).
7
What is 9 + (6 - 10) + -1?
4
Evaluate 1 + (1 - 0) - -2.
4
Evaluate -6 + -2 + 7 - 2.
-3
What is the value of (0 - (-7 - -4)) + 1 + 1?
5
(5 - 9 - 0) + (-4 - -3)
-5
What is (-3 + 2 - -2) + -1 + -3?
-3
Evaluate (0 - 2) + -1 + (-29 - -21).
-11
What is the value of -2 + 4 + 3 - 4?
1
What is the value of 4 - (1 + 7) - -3?
-1
(-2 - (-9 + 7)) + 4
4
Evaluate 0 + 1 + 18 + -19.
0
Evaluate (8 - 2) + (-6 - -1).
1
-1 + 0 - (10 + -16)
5
What is -10 + 5 + 3 + -4?
-6
What is the value of -4 + 7 + (2 + -2 - 1)?
2
What is the value of -8 + 11 - (-2 + 0)?
5
What is the value of -4 + 1 + (-11 - -4) + 2?
-8
Evaluate -2 - (-13 + (10 - 0)).
1
Calculate -6 - (4 - 29) - 12.
7
Evaluate 1 + -3 + -4 + 4.
-2
What is -13 + (-5 - -9) - -8?
-1
Evaluate 2 - (1 + 5 - -3).
-7
What is -8 + -10 + 10 - (0 + -16)?
8
Evaluate -2 - 2 - ((7 - 8) + 1).
-4
Evaluate -4 + -2 + 18 + 6 + -7.
11
What is the value of -9 - (3 + -8 + -2)?
-2
What is 3 - (-7 - (0 - 5))?
5
Calculate -4 + (-11 - -28) - 22.
-9
What is 0 + (-6 - -2) + 0 + 5?
1
What is 5 - ((-5 - -4) + 5)?
1
What is 4 - ((6 - (4 - -3)) + -1)?
6
What is the value of (-6 - 2 - -12) + -9?
-5
Calculate 8 + (2 - 8) + (-5 - 0).
-3
What is the value of 11 - ((-3 - -10) + -3 + 1)?
6
What is the value of 4 + -1 + 2 + (2 - 4)?
3
Calculate (3 + -8 - -3 - -5) + -13.
-10
Evaluate (-12 - -15) + (-2 - -2) + -2.
1
Evaluate -4 + (-1 - (-5 + 1)).
-1
What is (-22 - -1) + 53 + -40?
-8
Calculate -8 + 11 - (1 - 2).
4
What is the value of (-11 - -8) + (-2 - -4)?
-1
Calculate 13 + 0 - (-20 + 29).
4
Evaluate 11 + -12 + -10 - -2.
-9
Evaluate -8 - 3 - -16 - (1 + 4).
0
3 + (4 - 8) + -2
-3
What is the value of 1 - (-2 - (6 - 16))?
-7
Evaluate -1 + -1 + (-14 - -16) - 3.
-3
What is the value of (7 - 0) + 0 + -19 + 10?
-2
4 - 1 - (0 - 0)
3
Evaluate (-13 - (-3 + 14 + -7)) + 7.
-10
(-1 - -1) + 10 + -5
5
Evaluate -3 - -8 - (34 - 34).
5
What is 1 + -3 + (3 - 4)?
-3
Evaluate 4 - (-2 + 9) - (-1 + 3).
-5
0 + (7 - 10 - 4)
-7
What is the value of -5 + -7 + 4 + 8?
0
Calculate -3 + 0 + -3 - (1 + -1).
-6
What is the value of (0 - 3 - -1) + -2 + 3?
-1
Calculate -2 - (2 - (2 + 1 + 0)).
-1
What is -25 + 30 + (-10 - -2)?
-3
0 - (-2 + 0 + 1 + -1)
2
What is the value of -4 + (3 - 7) + 4?
-4
Evaluate -3 - ((0 - (-2 + -2)) + -9).
2
3 + (-1 - (1 + (1 - 2)))
2
Evaluate -7 + 3 + 2 - (2 - 0).
-4
What is the value of 3 + (-3 + 5 - (4 + -3))?
4
What is (7 - -1) + -9 + 12 - 7?
4
Evaluate 8 - (-4 + -7 - -19).
0
(0 - -4 - 1) + -2 + 2
3
What is the value of 0 + (6 - 5 - (8 - 9))?
2
5 + 3 + 48 + -66
-10
What is the value of 8 - (4 + -4 + 6)?
2
Evaluate 1 - -1 - (-1 - (-4 - 1)).
-2
What is the value of 1 + -10 + 0 + 4?
-5
What is the value of 3 - (1 - 2) - 8?
-4
(3 + 5 - 7) + (0 - 5)
-4
Evaluate (0 - -3) + 33 + -34.
2
What is the value of -2 - (-8 + 9 + -5)?
2
What is (-5 + -5 - -17) + -8?
-1
What is (-4 + 1 - -2) + -2?
-3
Calculate -17 - (7 - (2 + 17)).
-5
4 + -10 + -6 - -6
-6
0 - ((-47 - -46) + (-6 - 0))
7
What is (2 - 6) + 1 + 8 + -12?
-7
Evaluate 0 + 3 + 4 + -1 + -5.
1
What is -3 - (-7 - -2) - 5?
-3
-11 + 3 - -4 - -7
3
What is 2 - -2 - (0 + 4)?
0
Calculate -1 + 10 + 3 + 8 + -13.
7
Evaluate (-14 - -3 - -15) + 0 + 1.
5
Calculate -5 + (-3 - -6) - -2.
0
Calculate (2 - (-3 + 1)) + -4.
0
Evaluate (-5 - (-8 + 1)) + 3 + -6.
-1
Evaluate -2 + 0 + (-2 - 1) + 6.
1
Evaluate 7 - 0 - (18 + -15).
4
What is 11 - 16 - -5 - (-2 - 0)?
2
10 - (4 - (-4 - 1 - -4))
5
Evaluate 15 + (-4 - (11 + -6)).
6
11 + (2 - (15 + -7))
5
What is the value of 17 - (-1 - -5) - 12?
1
What is 7 - 6 - (-1 + 0)?
2
What is (-5 - (3 + -6 - 1)) + 2?
1
Evaluate (3 - (10 - 5)) + 3 + 6.
7
Calculate (4 - 3 - -1 - -2) + 1.
5
-12 + 10 - (-1 + 0) - 0
-1
What is the value of (-4 - -6) + 3 + 6 + -5?
6
-4 + 5 + -5 + 2
-2
What is -3 + 5 + -3 - 1?
-2
Calculate (10 - -8 - 2) + -5 + -8.
3
-1 + -2 - (2 + (3 - 4))
-4
Calculate 5 + -1 - (-2 + 2).
4
3 + 1 + -3 + 3
4
Evaluate (-6 - (-2 + -4)) + 2.
2
Calculate 4 - 0 - (-26 + 32).
-2
What is the value of -2 + 5 - (10 - (2 + -2))?
-7
Calculate -6 - (0 - (14 - (-7 - -15))).
0
1 + 3 + -4 - (11 + -6)
-5
Calculate 11 - (-2 + (21 - 13)).
5
Evaluate (3 - (0 - (-4 + 7))) + -1.
5
Evaluate 8 + -8 - (-2 - 1).
3
Evaluate (-6 - (3 - 3)) + 9.
3
What is the value of (4 - 0) + 5 + -7?
2
-5 + (1 + 6 - 8)
-6
-3 + (6 + (-6 - -1) - 1)
-3
What is -7 - (-4 - (-3 - 1) - 0)?
-7
Evaluate (8 + -3 - 3) + -4.
-2
What is the value of 12 - 3 - (-7 + 11) - 2?
3
-5 + (9 - 14) + 4
-6
Calculate -6 + -5 + 18 - 2.
5
Calculate -7 + 0 + 0 + 10.
3
Evaluate -4 + 1 + -1 + -2.
-6
Calculate (0 - -11) + 5 + (-23 - -11).
4
What is the value of -4 + (4 + 3 - (-1 + 2))?
2
Evaluate -1 + (-4 - -1 - -7).
3
What is (5 + 1 - 4) + 1?
3
(5 + -10 - -8) + 0
3
Evaluate (